s digit of p?
9
Let p = 950 - -1601. What is the tens digit of p?
5
Let x be (-67)/(-3)*(-3)/(-1). Suppose -3*c = -18, 97 = 2*v + 5*c - 89. Let m = v - x. What is the tens digit of m?
1
What is the hundreds digit of (10360/1184)/(1/30*(-5)/(-36))?
8
Let r(u) = -u**2 + 34*u - 223. Let p be r(10). What is the tens digit of 19193/p - (5 + -2 - -1)?
2
Let z(y) = y**2 - 9*y - 44. Suppose 3*t - 2*u = -68 + 4, -3*t + 3*u = 66. What is the tens digit of z(t)?
3
Let d(g) = g**3 + 3*g**2 - 4*g. Let i be d(-3). Suppose 10*a + 8 = i*a. Suppose 0 = -2*n + 6*n + 4*k - 296, -4*k = -a*n + 280. What is the tens digit of n?
7
Suppose 11*o = -98*o - 1388296 + 4170630. What is the ten thousands digit of o?
2
What is the units digit of 9/(270/12) + 230192/20?
0
Let o(p) = 4*p - 22. Let j(v) = -v + 7. Let u(i) = -16*j(i) - 5*o(i). Let n be u(-1). Let b(g) = 68*g - 5. What is the hundreds digit of b(n)?
1
Suppose -66 = 13*p - 16*p. Suppose -11*s - 66 + p = 0. What is the units digit of 6916/42 + s/6?
4
Let c = -335 + 329. What is the units digit of 1415 + (-5)/(-5) + c?
0
Suppose 14652 = 2*s + 3*z, 0 = 2*s + z - 6*z - 14668. What is the tens digit of s?
2
Let m(b) = 39*b**2 + 73*b - 37. What is the tens digit of m(-18)?
8
What is the hundreds digit of ((82/(-12))/((-16)/24))/((-2)/(-360))?
8
Let l(f) = 1593*f + 45. Let n be l(-11). What is the units digit of 2/(-13) + n/(-39)?
8
Let l be ((-1)/2)/((-924)/184 + 5). Let n = -3 - -9. What is the tens digit of 434/n + l/(-69)?
7
Suppose 4 = c - 0*c - 3*m, 0 = 5*m - 10. Suppose c*j - 7*j - 15 = 0. What is the tens digit of (j/20)/((-2)/(-664))?
8
Suppose 5*x + 1494 = 1519. Suppose 6*m = x*c + 3273, 7*c - 4*c + 2181 = 4*m. What is the tens digit of m?
4
Let v = -51 + -16. Suppose 0 = -7*r + 190 - 78. Let q = r - v. What is the units digit of q?
3
Suppose -3*y - 2*y - 15 = 0. Let k(a) = -a**2 + 69*a - 137. Let c be k(67). What is the hundreds digit of (-2 - (-3)/(y/c))*114?
1
What is the tens digit of (-13448)/(-3)*558/186?
4
Suppose -4*h - 5*b = 919 - 4909, -3*b = 3*h - 2991. What is the tens digit of h?
9
Let p(m) = 14849*m**3 + 6*m**2 - 11*m + 6. What is the tens digit of p(1)?
5
Let f(g) = 3540*g + 2013. What is the units digit of f(11)?
3
Let a(i) be the first derivative of -39*i**2/2 + 52*i - 58. What is the units digit of a(-7)?
5
Let y(c) = -13*c**2 - 80*c - 122. Let r(s) = -4*s**2 - 26*s - 41. Let x(n) = -7*r(n) + 2*y(n). What is the units digit of x(-20)?
3
Let f = -287 + -4. Let q = f + 688. What is the hundreds digit of q?
3
Let j = -30138 - -53421. What is the ten thousands digit of j?
2
Let w be (10/(-4))/(15/10 - 2). Suppose 4*i + 4*z - 26 = i, 10 = -w*i + 4*z. Suppose -4*a + f - 233 = -6*a, -112 = -a - i*f. What is the tens digit of a?
1
Suppose -2*d = -511 + 151. Let q be ((-16)/10)/(12/(-30)). Suppose -q*y = -8*y + d. What is the units digit of y?
5
Suppose -7*v = -3*v - 416. Let g be 189/42*20/(-6). Let j = g + v. What is the tens digit of j?
8
Let x be (-3)/(-39)*-2 - (-236)/13. Let y be 3/x - 701/(-6). Let z = y + -34. What is the tens digit of z?
8
Let s(u) = -u**3 + 2*u**2 - 14*u + 16. Let z be s(12). What is the hundreds digit of z/(-6) - 12/(-18)*1?
2
Let h be 4/10 + (-1449)/(-15). Suppose -91*y - 1476 = -h*y. What is the units digit of y?
6
Let l(p) = -37*p + 27. Let g be l(6). Let h = g + 524. What is the tens digit of h?
2
What is the tens digit of 22 + 1921/(-85) - (-51846)/10?
8
Let b be (423/(-15))/((-8)/(-120)). Let c = b + 893. What is the tens digit of c?
7
Let k be 1173 + -11 - (7 - 0). Suppose -3*b - 25*s = -30*s - 1163, 3*b = 3*s + k. What is the hundreds digit of b?
3
Suppose 4*b = 2*s + 72664, s + 21391 - 75909 = -3*b. What is the thousands digit of b?
8
Let t = 96378 - 38639. What is the thousands digit of t?
7
Let d(w) = -2*w**3 + 1. Let p(j) = -9*j**3 - j**2 - j - 103. Let t(n) = 4*d(n) - p(n). What is the units digit of t(0)?
7
Suppose 4*s + 5*t - 41 = 0, 10 = t + 5. Suppose -4*d - s*v + 264 = 0, 11 = -5*v + 21. What is the units digit of d?
4
Let t(i) = -30*i**2 + 9*i - 16. Let j be t(4). What is the tens digit of j/(-45) - 10 - (-4354)/9?
8
Suppose -2*g + 115022 = 5*a, 26*g - 31*g + 69036 = 3*a. What is the hundreds digit of a?
0
Let z(p) = 2410*p - 2988. What is the tens digit of z(8)?
9
Let q(m) = 6*m + 1. Let u(j) = -18*j - 2. Suppose -16 = g + 3*g. Let t(r) = g*u(r) - 11*q(r). What is the tens digit of t(4)?
2
Let h = -122519 - -173059. What is the units digit of h?
0
What is the thousands digit of (675/(-375))/(1/(-14170))?
5
Let r = -25 + 20. What is the hundreds digit of ((-4)/r)/(17/5525)?
2
Suppose 377*j - 4*g = 379*j - 516, -5*j + 1268 = -g. Let y(b) = 7*b**2 + 9*b + 2. Let z be y(-8). Let o = z - j. What is the tens digit of o?
2
Let q(t) = -2*t + 3. Let x(i) = -16*i + 112. Let y(w) = 4*q(w) + x(w). What is the tens digit of y(-20)?
0
Let i be (6738/12 + -2)*4/(-6). What is the units digit of (-2 - i)/(-7)*2/(-2)?
3
Let z = -775 + 779. Suppose 4*j - z*r = 6536, -41*r + 36*r = -3*j + 4894. What is the units digit of j?
8
Let l = -371 - -365. What is the units digit of (-12192)/8*2/l?
8
Suppose 0 = -n - 306 + 274. What is the tens digit of (13 - (-432)/n)*1570/(-1)?
8
Let k = -67137 + 117878. What is the hundreds digit of k?
7
Suppose -10 = -3*j + 65. Let s(u) = -j + 9 - 148*u + 288*u - 162*u. What is the units digit of s(-3)?
0
Let s = -253 + 445. Let u = 136 - s. Let p = u + 65. What is the units digit of p?
9
Suppose -4*p = l + 2, -l = 2*p - 3 - 1. Let b be 1989 + (-2 - -4)/2. Suppose l*t - 60 = b. What is the units digit of t?
5
Suppose 7*t + 27 = c + 4*t, 3*c + t - 61 = 0. What is the units digit of (1 - (-37)/(-2))*(-72)/c?
0
Suppose 159 = -19*r + 235. Let m(p) = p**2 + 3*p - 7. Let d be m(-5). Suppose -d*h = v - r - 36, -v - 5*h = -34. What is the units digit of v?
9
Let h(f) = 4*f - 28. Let d be h(7). Suppose -4*u - 4*k + 32 = d, 4*u - 3*u - 5*k = -16. What is the tens digit of -3 - -40 - u - 4?
2
Let w(x) = 2*x + 23. Let r be w(-12). Let n be 7/14*r*622. Let c = n + 441. What is the tens digit of c?
3
Let g(z) be the first derivative of z**4/4 - 8*z**3 - 16*z**2 - 84*z - 43. What is the units digit of g(26)?
6
Let z(y) = -y**2 + 34*y + 60. Let h be z(25). Suppose -10*t - 15 = -h. What is the tens digit of (t/(-12))/((-1)/(160/6))?
6
Suppose 3*t + 815*r - 227 = 814*r, -2*t - 4*r + 148 = 0. What is the units digit of t?
6
Suppose 2 = -8*g + 9*g. Suppose g*u = -5*u. Suppose u = t + 3*k - 11 - 4, -5*t + 43 = -k. What is the units digit of t?
9
What is the tens digit of (204/(-21)*1)/((-164)/509138)?
5
Let s(j) = j**2 - 9*j + 56. Suppose -n - n = -34. Let c be s(n). What is the tens digit of c*(5 - 12/3)?
9
Suppose -305*n - 283917 = -362*n. What is the units digit of n?
1
Suppose -3*n = -4*l + 54279, n + 7*l - 9*l = -18093. What is the hundreds digit of n/(-148)*(-8)/(-3)?
3
Suppose o + 8*o - 4104 = 0. Suppose 2*q - o = -4*q. What is the tens digit of q?
7
Let l(n) = -49*n**2 + 2*n - 1. Let j be l(1). Suppose 118 = -5*y + 3*y + w, 212 = -4*y - 4*w. Let o = j - y. What is the units digit of o?
9
Let k = -44 + 172. Suppose -h + k = -248. What is the units digit of h?
6
Suppose -41*q + 89085 + 93207 = 3*q. What is the hundreds digit of q?
1
Suppose -189*p = -14331 - 4947. What is the hundreds digit of p?
1
Let b(p) = -16*p - 106. Let v be b(-6). What is the tens digit of (v - -9)*6/2 + 90?
8
Let w = 7542 + 649. What is the tens digit of w?
9
Suppose 890529 = 21*k - 82441 - 375062. What is the tens digit of k?
9
What is the hundreds digit of -6 - ((-11938920)/1560 + (-4)/(-26))?
6
Let v(a) = 13*a**3 + 2*a**2 - 9*a - 157. Let d(k) = -7*k**3 - k**2 + 5*k + 79. Let b(m) = -11*d(m) - 6*v(m). What is the tens digit of b(0)?
7
What is the units digit of -104*(-12)/(288/1866)?
6
Let h = 389 - 386. Suppose 102 = 5*t - h*m, 4*t + 12*m - 11*m = 68. What is the tens digit of t?
1
Suppose -6*d = -16*d. Let m be -7 - -4 - (-2 + d) - -5. What is the tens digit of 16/(-4)*-13 - m?
4
Let x(j) = 7*j**2 - 3*j - 6. Let f be x(3). Suppose -n + f = -311. What is the tens digit of n?
5
Let l(n) = 226*n + 959. What is the hundreds digit of l(25)?
6
Let j = -4145 - -10306. Suppose 1833 + j = 14*o. What is the hundreds digit of o?
5
Let p be (20/(-12))/((-45)/81). Suppose 6*c = 2*c - w + 5